{"id":18,"date":"2019-03-25T16:07:00","date_gmt":"2019-03-25T15:07:00","guid":{"rendered":"http:\/\/beate-roennefarth.fr\/?page_id=18"},"modified":"2025-04-13T19:16:43","modified_gmt":"2025-04-13T17:16:43","slug":"la-potiere","status":"publish","type":"page","link":"https:\/\/beate-roennefarth.fr\/index.php\/la-potiere\/","title":{"rendered":"La poti\u00e8re"},"content":{"rendered":"\n<p class=\"has-text-color has-medium-font-size\" style=\"color:#134947\">LA POTI\u00c8RE<\/p>\n\n\n\n<div style=\"height:10px\" aria-hidden=\"true\" class=\"wp-block-spacer\"><\/div>\n\n\n\n<figure class=\"wp-block-image is-resized\"><img loading=\"lazy\" decoding=\"async\" width=\"885\" height=\"664\" src=\"http:\/\/beate-roennefarth.fr\/wp-content\/uploads\/2019\/03\/beate.jpg\" alt=\"\" class=\"wp-image-287\" style=\"width:256px;height:192px\" srcset=\"https:\/\/beate-roennefarth.fr\/wp-content\/uploads\/2019\/03\/beate.jpg 885w, https:\/\/beate-roennefarth.fr\/wp-content\/uploads\/2019\/03\/beate-600x450.jpg 600w, https:\/\/beate-roennefarth.fr\/wp-content\/uploads\/2019\/03\/beate-300x225.jpg 300w, https:\/\/beate-roennefarth.fr\/wp-content\/uploads\/2019\/03\/beate-768x576.jpg 768w\" sizes=\"auto, (max-width: 885px) 100vw, 885px\" \/><\/figure>\n\n\n\n<p><\/p>\n\n\n\n<blockquote class=\"wp-block-quote is-layout-flow wp-block-quote-is-layout-flow\">\n<p>Ouverture de mon atelier \u00e0 Lyon en 2007<\/p>\n\n\n\n<p>Maison de la c\u00e9ramique \u00e0 Dieulefit, Dr\u00f4me, 2005 &#8211; 2006<\/p>\n\n\n\n<p>Ouverture d&rsquo;un atelier associatif \u00e0 Sauve, Gard, 1999 &#8211; 2001<\/p>\n\n\n\n<p>CAP de tournage \u00e0 Saint-Victor-les-Oules, Gard, 1997 &#8211; 1999<\/p>\n<\/blockquote>\n","protected":false},"excerpt":{"rendered":"<p>LA POTI\u00c8RE Ouverture de mon atelier \u00e0 Lyon en 2007 Maison de la c\u00e9ramique \u00e0 Dieulefit,&#8230;<\/p>\n","protected":false},"author":1,"featured_media":0,"parent":0,"menu_order":0,"comment_status":"closed","ping_status":"closed","template":"","meta":{"footnotes":""},"class_list":["post-18","page","type-page","status-publish","hentry"],"yoast_head":"<!-- This site is optimized with the Yoast SEO plugin v27.2 - https:\/\/yoast.com\/product\/yoast-seo-wordpress\/ -->\n<title>La poti\u00e8re - oseramik<\/title>\n<meta name=\"robots\" content=\"index, follow, max-snippet:-1, max-image-preview:large, max-video-preview:-1\" \/>\n<link rel=\"canonical\" href=\"http:\/\/beate-roennefarth.fr\/index.php\/la-potiere\/\" \/>\n<meta property=\"og:locale\" content=\"fr_FR\" \/>\n<meta property=\"og:type\" content=\"article\" \/>\n<meta property=\"og:title\" content=\"La poti\u00e8re - oseramik\" \/>\n<meta property=\"og:description\" content=\"LA POTI\u00c8RE Ouverture de mon atelier \u00e0 Lyon en 2007 Maison de la c\u00e9ramique \u00e0 Dieulefit,...\" \/>\n<meta property=\"og:url\" content=\"http:\/\/beate-roennefarth.fr\/index.php\/la-potiere\/\" \/>\n<meta property=\"og:site_name\" content=\"oseramik\" \/>\n<meta property=\"article:modified_time\" content=\"2025-04-13T17:16:43+00:00\" \/>\n<meta property=\"og:image\" content=\"http:\/\/beate-roennefarth.fr\/wp-content\/uploads\/2019\/03\/beate.jpg\" \/>\n<meta name=\"twitter:card\" content=\"summary_large_image\" \/>\n<meta name=\"twitter:label1\" content=\"Dur\u00e9e de lecture estim\u00e9e\" \/>\n\t<meta name=\"twitter:data1\" content=\"1 minute\" \/>\n<script type=\"application\/ld+json\" class=\"yoast-schema-graph\">{\"@context\":\"https:\/\/schema.org\",\"@graph\":[{\"@type\":\"WebPage\",\"@id\":\"http:\/\/beate-roennefarth.fr\/index.php\/la-potiere\/\",\"url\":\"http:\/\/beate-roennefarth.fr\/index.php\/la-potiere\/\",\"name\":\"La poti\u00e8re - oseramik\",\"isPartOf\":{\"@id\":\"http:\/\/beate-roennefarth.fr\/#website\"},\"primaryImageOfPage\":{\"@id\":\"http:\/\/beate-roennefarth.fr\/index.php\/la-potiere\/#primaryimage\"},\"image\":{\"@id\":\"http:\/\/beate-roennefarth.fr\/index.php\/la-potiere\/#primaryimage\"},\"thumbnailUrl\":\"http:\/\/beate-roennefarth.fr\/wp-content\/uploads\/2019\/03\/beate.jpg\",\"datePublished\":\"2019-03-25T15:07:00+00:00\",\"dateModified\":\"2025-04-13T17:16:43+00:00\",\"breadcrumb\":{\"@id\":\"http:\/\/beate-roennefarth.fr\/index.php\/la-potiere\/#breadcrumb\"},\"inLanguage\":\"fr-FR\",\"potentialAction\":[{\"@type\":\"ReadAction\",\"target\":[\"http:\/\/beate-roennefarth.fr\/index.php\/la-potiere\/\"]}]},{\"@type\":\"ImageObject\",\"inLanguage\":\"fr-FR\",\"@id\":\"http:\/\/beate-roennefarth.fr\/index.php\/la-potiere\/#primaryimage\",\"url\":\"https:\/\/beate-roennefarth.fr\/wp-content\/uploads\/2019\/03\/beate.jpg\",\"contentUrl\":\"https:\/\/beate-roennefarth.fr\/wp-content\/uploads\/2019\/03\/beate.jpg\",\"width\":885,\"height\":664},{\"@type\":\"BreadcrumbList\",\"@id\":\"http:\/\/beate-roennefarth.fr\/index.php\/la-potiere\/#breadcrumb\",\"itemListElement\":[{\"@type\":\"ListItem\",\"position\":1,\"name\":\"Home\",\"item\":\"http:\/\/beate-roennefarth.fr\/\"},{\"@type\":\"ListItem\",\"position\":2,\"name\":\"La poti\u00e8re\"}]},{\"@type\":\"WebSite\",\"@id\":\"http:\/\/beate-roennefarth.fr\/#website\",\"url\":\"http:\/\/beate-roennefarth.fr\/\",\"name\":\"beate ronnefarth\",\"description\":\"c\u00e9ramique poterie artisanat lyon\",\"publisher\":{\"@id\":\"http:\/\/beate-roennefarth.fr\/#\/schema\/person\/2eaad65790d7f92a2191fbad2dd996a5\"},\"potentialAction\":[{\"@type\":\"SearchAction\",\"target\":{\"@type\":\"EntryPoint\",\"urlTemplate\":\"http:\/\/beate-roennefarth.fr\/?s={search_term_string}\"},\"query-input\":{\"@type\":\"PropertyValueSpecification\",\"valueRequired\":true,\"valueName\":\"search_term_string\"}}],\"inLanguage\":\"fr-FR\"},{\"@type\":[\"Person\",\"Organization\"],\"@id\":\"http:\/\/beate-roennefarth.fr\/#\/schema\/person\/2eaad65790d7f92a2191fbad2dd996a5\",\"name\":\"admin3145\",\"image\":{\"@type\":\"ImageObject\",\"inLanguage\":\"fr-FR\",\"@id\":\"https:\/\/beate-roennefarth.fr\/wp-content\/uploads\/2025\/04\/oseramikGgle.png\",\"url\":\"https:\/\/beate-roennefarth.fr\/wp-content\/uploads\/2025\/04\/oseramikGgle.png\",\"contentUrl\":\"https:\/\/beate-roennefarth.fr\/wp-content\/uploads\/2025\/04\/oseramikGgle.png\",\"width\":575,\"height\":575,\"caption\":\"admin3145\"},\"logo\":{\"@id\":\"https:\/\/beate-roennefarth.fr\/wp-content\/uploads\/2025\/04\/oseramikGgle.png\"},\"sameAs\":[\"https:\/\/beate-roennefarth.fr\/\"]}]}<\/script>\n<!-- \/ Yoast SEO plugin. -->","yoast_head_json":{"title":"La poti\u00e8re - oseramik","robots":{"index":"index","follow":"follow","max-snippet":"max-snippet:-1","max-image-preview":"max-image-preview:large","max-video-preview":"max-video-preview:-1"},"canonical":"http:\/\/beate-roennefarth.fr\/index.php\/la-potiere\/","og_locale":"fr_FR","og_type":"article","og_title":"La poti\u00e8re - oseramik","og_description":"LA POTI\u00c8RE Ouverture de mon atelier \u00e0 Lyon en 2007 Maison de la c\u00e9ramique \u00e0 Dieulefit,...","og_url":"http:\/\/beate-roennefarth.fr\/index.php\/la-potiere\/","og_site_name":"oseramik","article_modified_time":"2025-04-13T17:16:43+00:00","og_image":[{"url":"http:\/\/beate-roennefarth.fr\/wp-content\/uploads\/2019\/03\/beate.jpg","type":"","width":"","height":""}],"twitter_card":"summary_large_image","twitter_misc":{"Dur\u00e9e de lecture estim\u00e9e":"1 minute"},"schema":{"@context":"https:\/\/schema.org","@graph":[{"@type":"WebPage","@id":"http:\/\/beate-roennefarth.fr\/index.php\/la-potiere\/","url":"http:\/\/beate-roennefarth.fr\/index.php\/la-potiere\/","name":"La poti\u00e8re - oseramik","isPartOf":{"@id":"http:\/\/beate-roennefarth.fr\/#website"},"primaryImageOfPage":{"@id":"http:\/\/beate-roennefarth.fr\/index.php\/la-potiere\/#primaryimage"},"image":{"@id":"http:\/\/beate-roennefarth.fr\/index.php\/la-potiere\/#primaryimage"},"thumbnailUrl":"http:\/\/beate-roennefarth.fr\/wp-content\/uploads\/2019\/03\/beate.jpg","datePublished":"2019-03-25T15:07:00+00:00","dateModified":"2025-04-13T17:16:43+00:00","breadcrumb":{"@id":"http:\/\/beate-roennefarth.fr\/index.php\/la-potiere\/#breadcrumb"},"inLanguage":"fr-FR","potentialAction":[{"@type":"ReadAction","target":["http:\/\/beate-roennefarth.fr\/index.php\/la-potiere\/"]}]},{"@type":"ImageObject","inLanguage":"fr-FR","@id":"http:\/\/beate-roennefarth.fr\/index.php\/la-potiere\/#primaryimage","url":"https:\/\/beate-roennefarth.fr\/wp-content\/uploads\/2019\/03\/beate.jpg","contentUrl":"https:\/\/beate-roennefarth.fr\/wp-content\/uploads\/2019\/03\/beate.jpg","width":885,"height":664},{"@type":"BreadcrumbList","@id":"http:\/\/beate-roennefarth.fr\/index.php\/la-potiere\/#breadcrumb","itemListElement":[{"@type":"ListItem","position":1,"name":"Home","item":"http:\/\/beate-roennefarth.fr\/"},{"@type":"ListItem","position":2,"name":"La poti\u00e8re"}]},{"@type":"WebSite","@id":"http:\/\/beate-roennefarth.fr\/#website","url":"http:\/\/beate-roennefarth.fr\/","name":"beate ronnefarth","description":"c\u00e9ramique poterie artisanat lyon","publisher":{"@id":"http:\/\/beate-roennefarth.fr\/#\/schema\/person\/2eaad65790d7f92a2191fbad2dd996a5"},"potentialAction":[{"@type":"SearchAction","target":{"@type":"EntryPoint","urlTemplate":"http:\/\/beate-roennefarth.fr\/?s={search_term_string}"},"query-input":{"@type":"PropertyValueSpecification","valueRequired":true,"valueName":"search_term_string"}}],"inLanguage":"fr-FR"},{"@type":["Person","Organization"],"@id":"http:\/\/beate-roennefarth.fr\/#\/schema\/person\/2eaad65790d7f92a2191fbad2dd996a5","name":"admin3145","image":{"@type":"ImageObject","inLanguage":"fr-FR","@id":"https:\/\/beate-roennefarth.fr\/wp-content\/uploads\/2025\/04\/oseramikGgle.png","url":"https:\/\/beate-roennefarth.fr\/wp-content\/uploads\/2025\/04\/oseramikGgle.png","contentUrl":"https:\/\/beate-roennefarth.fr\/wp-content\/uploads\/2025\/04\/oseramikGgle.png","width":575,"height":575,"caption":"admin3145"},"logo":{"@id":"https:\/\/beate-roennefarth.fr\/wp-content\/uploads\/2025\/04\/oseramikGgle.png"},"sameAs":["https:\/\/beate-roennefarth.fr\/"]}]}},"jetpack_sharing_enabled":true,"_links":{"self":[{"href":"https:\/\/beate-roennefarth.fr\/index.php\/wp-json\/wp\/v2\/pages\/18","targetHints":{"allow":["GET"]}}],"collection":[{"href":"https:\/\/beate-roennefarth.fr\/index.php\/wp-json\/wp\/v2\/pages"}],"about":[{"href":"https:\/\/beate-roennefarth.fr\/index.php\/wp-json\/wp\/v2\/types\/page"}],"author":[{"embeddable":true,"href":"https:\/\/beate-roennefarth.fr\/index.php\/wp-json\/wp\/v2\/users\/1"}],"replies":[{"embeddable":true,"href":"https:\/\/beate-roennefarth.fr\/index.php\/wp-json\/wp\/v2\/comments?post=18"}],"version-history":[{"count":24,"href":"https:\/\/beate-roennefarth.fr\/index.php\/wp-json\/wp\/v2\/pages\/18\/revisions"}],"predecessor-version":[{"id":1402,"href":"https:\/\/beate-roennefarth.fr\/index.php\/wp-json\/wp\/v2\/pages\/18\/revisions\/1402"}],"wp:attachment":[{"href":"https:\/\/beate-roennefarth.fr\/index.php\/wp-json\/wp\/v2\/media?parent=18"}],"curies":[{"name":"wp","href":"https:\/\/api.w.org\/{rel}","templated":true}]}}